{"id":13,"date":"2016-09-20T22:19:45","date_gmt":"2016-09-20T20:19:45","guid":{"rendered":"http:\/\/cura-mobile-pflege.y4.de\/?page_id=13"},"modified":"2023-03-28T01:17:01","modified_gmt":"2023-03-27T23:17:01","slug":"ueber-uns","status":"publish","type":"page","link":"https:\/\/xn--groe-cura-mobile-pflege-i4b.de\/index.php\/ueber-uns\/","title":{"rendered":"\u00dcber uns"},"content":{"rendered":"<h1>Wir \u00fcber uns<\/h1>\n<p><strong>Wir<\/strong> versorgen und betreuen Sie zu Hause.<\/p>\n<p><strong>Die Pflege lebt von dem Engagement der Pflegenden.<\/strong><\/p>\n<p>Neben der Qualifikation sind uns regelm\u00e4\u00dfige Fortbildungen, Supervision und die gezielte F\u00f6rderung der Mitarbeiterinnen und Mitarbeiter ganz wichtige Anliegen. Zufriedene Mitarbeiter werden auch eine gute Betreuung und Pflege gew\u00e4hrleisten.<\/p>\n<p>Unsere Teams bestehen aus erfahrenen Pflegefachkr\u00e4ften (Krankenpflege, Altenpflege), Arzthelferinnen, Helfern in der Pflege und Haushaltshilfen.<\/p>\n<p>Weitere Informationen und Preise finden sie bei <a href=\"https:\/\/www.aok.de\/pk\/cl\/uni\/pflege\/pflegenavigator\/pflegedienst\/suche\/pflegedienst\/7307\/?PE_ANG_KRANKENPFLEGE=002&amp;city=Wiesbaden&amp;zip=65199\" target=\"_blank\" rel=\"noopener\">AOK Pflegenavigator<\/a>.<\/p>\n","protected":false},"excerpt":{"rendered":"<p>Wir \u00fcber uns Wir versorgen und betreuen Sie zu Hause. Die Pflege lebt von dem Engagement der Pflegenden. Neben der Qualifikation sind uns regelm\u00e4\u00dfige Fortbildungen, Supervision und die gezielte F\u00f6rderung der Mitarbeiterinnen und Mitarbeiter ganz wichtige Anliegen. Zufriedene Mitarbeiter werden auch eine gute Betreuung und Pflege gew\u00e4hrleisten. Unsere Teams bestehen aus erfahrenen Pflegefachkr\u00e4ften (Krankenpflege, Altenpflege), &hellip; <a href=\"https:\/\/xn--groe-cura-mobile-pflege-i4b.de\/index.php\/ueber-uns\/\" class=\"more-link\"><span class=\"screen-reader-text\">\u00dcber uns<\/span> weiterlesen <span class=\"meta-nav\">&rarr;<\/span><\/a><\/p>\n","protected":false},"author":1,"featured_media":0,"parent":0,"menu_order":1,"comment_status":"closed","ping_status":"closed","template":"","meta":{"footnotes":""},"class_list":["post-13","page","type-page","status-publish","hentry"],"_links":{"self":[{"href":"https:\/\/xn--groe-cura-mobile-pflege-i4b.de\/index.php\/wp-json\/wp\/v2\/pages\/13","targetHints":{"allow":["GET"]}}],"collection":[{"href":"https:\/\/xn--groe-cura-mobile-pflege-i4b.de\/index.php\/wp-json\/wp\/v2\/pages"}],"about":[{"href":"https:\/\/xn--groe-cura-mobile-pflege-i4b.de\/index.php\/wp-json\/wp\/v2\/types\/page"}],"author":[{"embeddable":true,"href":"https:\/\/xn--groe-cura-mobile-pflege-i4b.de\/index.php\/wp-json\/wp\/v2\/users\/1"}],"replies":[{"embeddable":true,"href":"https:\/\/xn--groe-cura-mobile-pflege-i4b.de\/index.php\/wp-json\/wp\/v2\/comments?post=13"}],"version-history":[{"count":6,"href":"https:\/\/xn--groe-cura-mobile-pflege-i4b.de\/index.php\/wp-json\/wp\/v2\/pages\/13\/revisions"}],"predecessor-version":[{"id":134,"href":"https:\/\/xn--groe-cura-mobile-pflege-i4b.de\/index.php\/wp-json\/wp\/v2\/pages\/13\/revisions\/134"}],"wp:attachment":[{"href":"https:\/\/xn--groe-cura-mobile-pflege-i4b.de\/index.php\/wp-json\/wp\/v2\/media?parent=13"}],"curies":[{"name":"wp","href":"https:\/\/api.w.org\/{rel}","templated":true}]}}